{"id":667,"date":"2022-09-22T16:13:06","date_gmt":"2022-09-22T19:13:06","guid":{"rendered":"http:\/\/www.unt.edu.ar\/expount\/?page_id=667"},"modified":"2024-11-11T12:01:07","modified_gmt":"2024-11-11T15:01:07","slug":"instituto-tecnico","status":"publish","type":"page","link":"https:\/\/www.unt.edu.ar\/expount\/facultades-y-escuelas\/instituto-tecnico\/","title":{"rendered":"Instituto T\u00e9cnico"},"content":{"rendered":"<div class=\"wpb-content-wrapper\"><p>[vc_row wrap_container=&#8221;yes&#8221; conditional_render=&#8221;%5B%7B%22value_role%22%3A%22administrator%22%7D%5D&#8221;][vc_column width=&#8221;2\/3&#8243;][vc_video link=&#8221;https:\/\/www.youtube.com\/watch?v=bOLd9qvpi20&#8243;][\/vc_column][vc_column width=&#8221;1\/3&#8243;][vc_custom_heading text=&#8221;El Instituto T\u00e9cnico naci\u00f3 en el a\u00f1o 1924, en virtud a una resoluci\u00f3n del Consejo Superior Universitario, refrendada el 29 de diciembre de 1923 por el Dr. Juan B. Ter\u00e1n.&#8221; font_container=&#8221;tag:p|font_size:16|text_align:left&#8221; use_theme_fonts=&#8221;yes&#8221; letter_spacing=&#8221;0&#8243; animation_delay=&#8221;1000&#8243; el_class=&#8221;mb-4&#8243; animation_type=&#8221;fadeIn&#8221;][vc_custom_heading text=&#8221;Es un colegio preuniversitario experimental comprometido desde sus albores con la sociedad y sus necesidades productivas, capacita a sus alumnos para el mundo del trabajo con un amplio espectro de ofertas acad\u00e9micas de nivel medio, nivel superior no universitario, oficios y cursos de extensi\u00f3n.&#8221; font_container=&#8221;tag:p|font_size:16|text_align:left&#8221; use_theme_fonts=&#8221;yes&#8221; letter_spacing=&#8221;0&#8243; animation_delay=&#8221;1000&#8243; el_class=&#8221;mb-4&#8243; animation_type=&#8221;fadeIn&#8221;][\/vc_column][\/vc_row][vc_row wrap_container=&#8221;yes&#8221; conditional_render=&#8221;%5B%7B%22value_role%22%3A%22administrator%22%7D%5D&#8221;][vc_column width=&#8221;1\/3&#8243;][vc_custom_heading text=&#8221;Carreras&#8221; font_container=&#8221;tag:h3|font_size:26|text_align:left|line_height:1&#8243; use_theme_fonts=&#8221;yes&#8221; font_weight=&#8221;700&#8243; letter_spacing=&#8221;-0.05&#8243; el_class=&#8221;zigzag pb-3 mb-4&#8243;][vc_custom_heading text=&#8221;Tecnicatura Superior Controles Autom\u00e1ticos Industriales &#8211; 3 A\u00f1os&#8221; font_container=&#8221;tag:p|font_size:16|text_align:left|line_height:1.5&#8243; use_theme_fonts=&#8221;yes&#8221; font_weight=&#8221;500&#8243; animation_delay=&#8221;200&#8243; animation_type=&#8221;fadeIn&#8221; el_class=&#8221;mb-4 list-unstyled&#8221; link=&#8221;url:http%3A%2F%2Fwww.unt.edu.ar%2Fexpount%2Ffacultades-y-escuelas%2Finstituto-tecnico%2Ftecnico-superior-controles-automaticos-industriales%2F|title:T%C3%A9cnico%20Superior%20Controles%20Autom%C3%A1ticos%20Industriales|target:_blank&#8221;][vc_custom_heading text=&#8221;Tecnicatura Superior Electricidad Industrial &#8211; 3 A\u00f1os&#8221; font_container=&#8221;tag:p|font_size:16|text_align:left|line_height:1.5&#8243; use_theme_fonts=&#8221;yes&#8221; font_weight=&#8221;500&#8243; animation_delay=&#8221;200&#8243; animation_type=&#8221;fadeIn&#8221; el_class=&#8221;mb-4 list-unstyled&#8221; link=&#8221;url:http%3A%2F%2Fwww.unt.edu.ar%2Fexpount%2Ffacultades-y-escuelas%2Finstituto-tecnico%2Ftecnico-superior-electricidad-industrial%2F|title:T%C3%A9cnico%20Superior%20Electricidad%20Industrial|target:_blank&#8221;][vc_custom_heading text=&#8221;Tecnicatura Superior en Dise\u00f1o Industrial &#8211; 3 A\u00f1os&#8221; font_container=&#8221;tag:p|font_size:16|text_align:left|line_height:1.5&#8243; use_theme_fonts=&#8221;yes&#8221; font_weight=&#8221;500&#8243; animation_delay=&#8221;200&#8243; animation_type=&#8221;fadeIn&#8221; el_class=&#8221;mb-4 list-unstyled&#8221; link=&#8221;url:http%3A%2F%2Fwww.unt.edu.ar%2Fexpount%2Ffacultades-y-escuelas%2Finstituto-tecnico%2Ftecnico-superior-en-diseno-industrial%2F|title:T%C3%A9cnico%20Superior%20en%20Dise%C3%B1o%20Industrial|target:_blank&#8221;][\/vc_column][vc_column width=&#8221;1\/3&#8243;][vc_custom_heading text=&#8221;Contacto&#8221; font_container=&#8221;tag:h3|font_size:26|text_align:left|line_height:1&#8243; use_theme_fonts=&#8221;yes&#8221; font_weight=&#8221;700&#8243; letter_spacing=&#8221;-0.05&#8243; el_class=&#8221;zigzag pb-3 mb-4&#8243;][vc_column_text]<strong>Direcci\u00f3n:<\/strong> General Paz 920 &#8211; San Miguel de Tucum\u00e1n<br \/>\nTucum\u00e1n &#8211; Argentina<\/p>\n<p><strong>Mail:<\/strong> instituto.tecnico@webmail.unt.edu.ar<\/p>\n<p><strong>Web:<\/strong> <a href=\"https:\/\/it.unt.edu.ar\" target=\"_blank\" rel=\"noopener\">https:\/\/it.unt.edu.ar<\/a>[\/vc_column_text][\/vc_column][vc_column width=&#8221;1\/3&#8243;][\/vc_column][\/vc_row][vc_row][vc_column][vc_column_text]<span style=\"visibility: hidden; display: none;\">Automatizaci\u00f3n, Controles autom\u00e1ticos, Sistemas de control, Ingenier\u00eda de procesos, Controladores l\u00f3gicos programables (PLC), Dise\u00f1o de sistemas autom\u00e1ticos, Industria 4.0, Sistemas SCADA, Electr\u00f3nica industrial, Seguridad en automatizaci\u00f3n, Innovaci\u00f3n tecnol\u00f3gica, Programaci\u00f3n de sistemas, Control de calidad, Instrumentaci\u00f3n, Mantenimiento industrial, Redes industriales, Sistemas de monitoreo, Electricidad industrial, Sistemas el\u00e9ctricos, Motores el\u00e9ctricos, Instalaciones el\u00e9ctricas, Dise\u00f1o de circuitos, Mantenimiento el\u00e9ctrico, Electr\u00f3nica de potencia, Automatizaci\u00f3n, Seguridad el\u00e9ctrica, Innovaci\u00f3n en energ\u00eda, Distribuci\u00f3n de energ\u00eda, Equipos el\u00e9ctricos, Dise\u00f1o de sistemas el\u00e9ctricos, Energ\u00eda renovable, Control de sistemas el\u00e9ctricos, Normativas el\u00e9ctricas, Redes el\u00e9ctricas industriales, Dise\u00f1o industrial, Prototipado, Modelado 3D, Materiales de dise\u00f1o, Producci\u00f3n industrial, Ergonom\u00eda, Innovaci\u00f3n tecnol\u00f3gica, Desarrollo de productos, Dise\u00f1o de mobiliario, Dise\u00f1o de productos, Dibujo t\u00e9cnico, Tecnolog\u00eda de fabricaci\u00f3n, Sostenibilidad en dise\u00f1o, Innovaci\u00f3n en productos, Dise\u00f1o asistido por computadora (CAD), Procesos de fabricaci\u00f3n, Ingenier\u00eda de productos<\/span>[\/vc_column_text][\/vc_column][\/vc_row]<\/p>\n<\/div>","protected":false},"excerpt":{"rendered":"<p>[vc_row wrap_container=&#8221;yes&#8221; conditional_render=&#8221;%5B%7B%22value_role%22%3A%22administrator%22%7D%5D&#8221;][vc_column width=&#8221;2\/3&#8243;][vc_video link=&#8221;https:\/\/www.youtube.com\/watch?v=bOLd9qvpi20&#8243;][\/vc_column][vc_column width=&#8221;1\/3&#8243;][vc_custom_heading text=&#8221;El Instituto T\u00e9cnico naci\u00f3 en el a\u00f1o 1924, en virtud a una resoluci\u00f3n del Consejo Superior Universitario, refrendada el 29 de diciembre de 1923 por el Dr. Juan B. Ter\u00e1n.&#8221; font_container=&#8221;tag:p|font_size:16|text_align:left&#8221; use_theme_fonts=&#8221;yes&#8221; letter_spacing=&#8221;0&#8243; animation_delay=&#8221;1000&#8243; el_class=&#8221;mb-4&#8243; animation_type=&#8221;fadeIn&#8221;][vc_custom_heading text=&#8221;Es un colegio preuniversitario experimental comprometido desde sus albores con la sociedad y [&hellip;]<\/p>\n","protected":false},"author":1,"featured_media":0,"parent":10,"menu_order":0,"comment_status":"closed","ping_status":"closed","template":"","meta":{"footnotes":""},"class_list":["post-667","page","type-page","status-publish","hentry"],"_links":{"self":[{"href":"https:\/\/www.unt.edu.ar\/expount\/wp-json\/wp\/v2\/pages\/667","targetHints":{"allow":["GET"]}}],"collection":[{"href":"https:\/\/www.unt.edu.ar\/expount\/wp-json\/wp\/v2\/pages"}],"about":[{"href":"https:\/\/www.unt.edu.ar\/expount\/wp-json\/wp\/v2\/types\/page"}],"author":[{"embeddable":true,"href":"https:\/\/www.unt.edu.ar\/expount\/wp-json\/wp\/v2\/users\/1"}],"replies":[{"embeddable":true,"href":"https:\/\/www.unt.edu.ar\/expount\/wp-json\/wp\/v2\/comments?post=667"}],"version-history":[{"count":15,"href":"https:\/\/www.unt.edu.ar\/expount\/wp-json\/wp\/v2\/pages\/667\/revisions"}],"predecessor-version":[{"id":1484,"href":"https:\/\/www.unt.edu.ar\/expount\/wp-json\/wp\/v2\/pages\/667\/revisions\/1484"}],"up":[{"embeddable":true,"href":"https:\/\/www.unt.edu.ar\/expount\/wp-json\/wp\/v2\/pages\/10"}],"wp:attachment":[{"href":"https:\/\/www.unt.edu.ar\/expount\/wp-json\/wp\/v2\/media?parent=667"}],"curies":[{"name":"wp","href":"https:\/\/api.w.org\/{rel}","templated":true}]}}