{"id":657,"date":"2022-09-22T16:01:40","date_gmt":"2022-09-22T19:01:40","guid":{"rendered":"http:\/\/www.unt.edu.ar\/expount\/?page_id=657"},"modified":"2025-12-04T11:12:42","modified_gmt":"2025-12-04T14:12:42","slug":"facultad-de-psicologia","status":"publish","type":"page","link":"https:\/\/www.unt.edu.ar\/expount\/facultades-y-escuelas\/facultad-de-psicologia\/","title":{"rendered":"Facultad de Psicolog\u00eda"},"content":{"rendered":"<div class=\"wpb-content-wrapper\"><p>[vc_row wrap_container=&#8221;yes&#8221; conditional_render=&#8221;%5B%7B%22value_role%22%3A%22administrator%22%7D%5D&#8221;][vc_column width=&#8221;2\/3&#8243;][vc_video link=&#8221;https:\/\/www.youtube.com\/watch?v=EMT5IZu8H3I&#8221;][\/vc_column][vc_column width=&#8221;1\/3&#8243;][vc_custom_heading text=&#8221;En 1959 se implementa la carrera de Psicolog\u00eda como parte de la Facultad de Filosof\u00eda y Letras, cre\u00e1ndose en 1987 la Escuela Superior de Psicolog\u00eda.&#8221; font_container=&#8221;tag:p|font_size:16|text_align:left&#8221; use_theme_fonts=&#8221;yes&#8221; letter_spacing=&#8221;0&#8243; animation_delay=&#8221;1000&#8243; el_class=&#8221;mb-4&#8243; animation_type=&#8221;fadeIn&#8221;][vc_custom_heading text=&#8221;Finalmente, en diciembre de 1994, se transform\u00f3 en Facultad. Hoy cuenta con la carrera de Psicolog\u00eda y la Tecnicatura Universitaria en Acompa\u00f1amiento Terap\u00e9utico.&#8221; font_container=&#8221;tag:p|font_size:16|text_align:left&#8221; use_theme_fonts=&#8221;yes&#8221; letter_spacing=&#8221;0&#8243; animation_delay=&#8221;1000&#8243; el_class=&#8221;mb-4&#8243; animation_type=&#8221;fadeIn&#8221;][\/vc_column][\/vc_row][vc_row wrap_container=&#8221;yes&#8221; conditional_render=&#8221;%5B%7B%22value_role%22%3A%22administrator%22%7D%5D&#8221;][vc_column width=&#8221;1\/3&#8243;][vc_custom_heading text=&#8221;Carreras&#8221; font_container=&#8221;tag:h3|font_size:26|text_align:left|line_height:1&#8243; use_theme_fonts=&#8221;yes&#8221; font_weight=&#8221;700&#8243; letter_spacing=&#8221;-0.05&#8243; el_class=&#8221;zigzag pb-3 mb-4&#8243;][vc_custom_heading text=&#8221;Psicolog\u00eda &#8211; 5 A\u00f1os&#8221; font_container=&#8221;tag:p|font_size:16|text_align:left|line_height:1.5&#8243; use_theme_fonts=&#8221;yes&#8221; font_weight=&#8221;500&#8243; animation_delay=&#8221;200&#8243; animation_type=&#8221;fadeIn&#8221; el_class=&#8221;mb-4 list-unstyled&#8221; link=&#8221;url:https%3A%2F%2Fwww.psicologia.unt.edu.ar%2Foferta-academica%2Fgrado-psicologia%2F|target:_blank&#8221;][vc_custom_heading text=&#8221;Tecnicatura Universitaria en Acompa\u00f1amiento Terap\u00e9utico &#8211; 3 A\u00f1os&#8221; font_container=&#8221;tag:p|font_size:16|text_align:left|line_height:1.5&#8243; use_theme_fonts=&#8221;yes&#8221; font_weight=&#8221;500&#8243; animation_delay=&#8221;200&#8243; animation_type=&#8221;fadeIn&#8221; el_class=&#8221;mb-4 list-unstyled&#8221; link=&#8221;url:https%3A%2F%2Fwww.psicologia.unt.edu.ar%2Foferta-academica%2Ftecnicatura-universitaria-acompanamiento-terapeutico%2F|target:_blank&#8221;][vc_custom_heading text=&#8221;Profesorado en Psicolog\u00eda (Ciclo de Complementaci\u00f3n Curricular) &#8211; 2 A\u00f1os&#8221; font_container=&#8221;tag:p|font_size:16|text_align:left|line_height:1.5&#8243; use_theme_fonts=&#8221;yes&#8221; css=&#8221;&#8221; font_weight=&#8221;500&#8243; animation_delay=&#8221;200&#8243; animation_type=&#8221;fadeIn&#8221; el_class=&#8221;mb-4 list-unstyled&#8221; link=&#8221;url:https%3A%2F%2Fwww.psicologia.unt.edu.ar%2Foferta-academica%2Fprofesorado-psicologia%2F|target:_blank&#8221;][\/vc_column][vc_column width=&#8221;1\/3&#8243;][vc_custom_heading text=&#8221;Contacto&#8221; font_container=&#8221;tag:h3|font_size:26|text_align:left|line_height:1&#8243; use_theme_fonts=&#8221;yes&#8221; font_weight=&#8221;700&#8243; letter_spacing=&#8221;-0.05&#8243; el_class=&#8221;zigzag pb-3 mb-4&#8243;][vc_column_text css=&#8221;&#8221;]<strong>Direcci\u00f3n:<\/strong> Av. Benjam\u00edn Ar\u00e1oz 800 &#8211; San Miguel de Tucum\u00e1n<br \/>\nTucum\u00e1n &#8211; Argentina<\/p>\n<p><strong>Tel:<\/strong> 4304298<\/p>\n<p><strong>Mail:<\/strong> diralumnos@psicologia.unt.edu.ar<\/p>\n<p><strong>Web:<\/strong> <a href=\"https:\/\/www.psicologia.unt.edu.ar\/\" target=\"_blank\" rel=\"noopener\">psicologia.unt.edu.ar<\/a>[\/vc_column_text]<div class=\"porto-u-icons\"><a class=\"porto-icon fab fa-facebook \"  style=\"color:#1e73be;font-size:32px;margin-right:5px;\" href=\"https:\/\/www.facebook.com\/Facultad-de-Psicologia-UNT-204770209544818\/\" target='_blank'><\/a><a class=\"porto-icon fab fa-instagram \"  style=\"color:#dd3333;font-size:32px;margin-right:5px;\" href=\"https:\/\/instagram.com\/facultaddepsicologiaunt?igshid=YmMyMTA2M2Y=\" target='_blank'><\/a><\/div>[\/vc_column][vc_column width=&#8221;1\/3&#8243;][\/vc_column][\/vc_row][vc_row][vc_column][vc_column_text]Psicolog\u00eda, Salud mental, Terapia, Psicoan\u00e1lisis, Psicolog\u00eda cl\u00ednica, Psicolog\u00eda educativa, Psicolog\u00eda infantil, Psicolog\u00eda organizacional, Comportamiento humano, Psicoterapia, Evaluaci\u00f3n psicol\u00f3gica, Psicolog\u00eda social, Desarrollo personal, Emociones, Terapia familiar, Trastornos mentales, Psicolog\u00eda de grupo, Mindfulness, Psicolog\u00eda del trabajo, Diagn\u00f3stico psicol\u00f3gico, Neuropsicolog\u00eda, Psicolog\u00eda deportiva, Psicolog\u00eda cognitiva, Estrategias terap\u00e9uticas, Relaci\u00f3n terapeuta-paciente, Acompa\u00f1amiento terap\u00e9utico, Terapia de apoyo, Salud mental, Cuidado del paciente, Intervenci\u00f3n terap\u00e9utica, Psicoterapia asistida, Manejo de emociones, Soporte en terapia, Trastornos emocionales, Asistencia en tratamientos, Relaciones familiares, Desarrollo emocional, Terapias alternativas, Estrategias de intervenci\u00f3n, Inclusi\u00f3n social, Terapias grupales, Acompa\u00f1amiento psicol\u00f3gico, Formaci\u00f3n terap\u00e9utica, Atenci\u00f3n integral, Psicolog\u00eda educativa, Ense\u00f1anza de psicolog\u00eda, Psicolog\u00eda del aprendizaje, Did\u00e1ctica, Psicopedagog\u00eda, Formaci\u00f3n docente, Desarrollo cognitivo, Estrategias de ense\u00f1anza, Pr\u00e1cticas educativas, Desarrollo emocional, Intervenci\u00f3n escolar, Orientaci\u00f3n en psicolog\u00eda, Docencia, Curr\u00edculo educativo, Psicolog\u00eda social, Acompa\u00f1amiento escolar, Evaluaci\u00f3n de estudiantes, Recursos did\u00e1cticos[\/vc_column_text][\/vc_column][\/vc_row]<\/p>\n<\/div>","protected":false},"excerpt":{"rendered":"<p>[vc_row wrap_container=&#8221;yes&#8221; conditional_render=&#8221;%5B%7B%22value_role%22%3A%22administrator%22%7D%5D&#8221;][vc_column width=&#8221;2\/3&#8243;][vc_video link=&#8221;https:\/\/www.youtube.com\/watch?v=EMT5IZu8H3I&#8221;][\/vc_column][vc_column width=&#8221;1\/3&#8243;][vc_custom_heading text=&#8221;En 1959 se implementa la carrera de Psicolog\u00eda como parte de la Facultad de Filosof\u00eda y Letras, cre\u00e1ndose en 1987 la Escuela Superior de Psicolog\u00eda.&#8221; font_container=&#8221;tag:p|font_size:16|text_align:left&#8221; use_theme_fonts=&#8221;yes&#8221; letter_spacing=&#8221;0&#8243; animation_delay=&#8221;1000&#8243; el_class=&#8221;mb-4&#8243; animation_type=&#8221;fadeIn&#8221;][vc_custom_heading text=&#8221;Finalmente, en diciembre de 1994, se transform\u00f3 en Facultad. Hoy cuenta con la carrera de Psicolog\u00eda y la [&hellip;]<\/p>\n","protected":false},"author":1,"featured_media":0,"parent":10,"menu_order":0,"comment_status":"closed","ping_status":"closed","template":"","meta":{"footnotes":""},"class_list":["post-657","page","type-page","status-publish","hentry"],"_links":{"self":[{"href":"https:\/\/www.unt.edu.ar\/expount\/wp-json\/wp\/v2\/pages\/657","targetHints":{"allow":["GET"]}}],"collection":[{"href":"https:\/\/www.unt.edu.ar\/expount\/wp-json\/wp\/v2\/pages"}],"about":[{"href":"https:\/\/www.unt.edu.ar\/expount\/wp-json\/wp\/v2\/types\/page"}],"author":[{"embeddable":true,"href":"https:\/\/www.unt.edu.ar\/expount\/wp-json\/wp\/v2\/users\/1"}],"replies":[{"embeddable":true,"href":"https:\/\/www.unt.edu.ar\/expount\/wp-json\/wp\/v2\/comments?post=657"}],"version-history":[{"count":20,"href":"https:\/\/www.unt.edu.ar\/expount\/wp-json\/wp\/v2\/pages\/657\/revisions"}],"predecessor-version":[{"id":1100,"href":"https:\/\/www.unt.edu.ar\/expount\/wp-json\/wp\/v2\/pages\/657\/revisions\/1100"}],"up":[{"embeddable":true,"href":"https:\/\/www.unt.edu.ar\/expount\/wp-json\/wp\/v2\/pages\/10"}],"wp:attachment":[{"href":"https:\/\/www.unt.edu.ar\/expount\/wp-json\/wp\/v2\/media?parent=657"}],"curies":[{"name":"wp","href":"https:\/\/api.w.org\/{rel}","templated":true}]}}