{"id":647,"date":"2022-09-22T15:47:03","date_gmt":"2022-09-22T18:47:03","guid":{"rendered":"http:\/\/www.unt.edu.ar\/expount\/?page_id=647"},"modified":"2025-12-04T11:27:56","modified_gmt":"2025-12-04T14:27:56","slug":"facultad-de-derecho","status":"publish","type":"page","link":"https:\/\/www.unt.edu.ar\/expount\/facultades-y-escuelas\/facultad-de-derecho\/","title":{"rendered":"Facultad de Derecho"},"content":{"rendered":"<div class=\"wpb-content-wrapper\"><p>[vc_row wrap_container=&#8221;yes&#8221; conditional_render=&#8221;%5B%7B%22value_role%22%3A%22administrator%22%7D%5D&#8221;][vc_column width=&#8221;2\/3&#8243;][vc_video link=&#8221;https:\/\/www.youtube.com\/watch?v=rGWuqgQH4kE&#8221;][\/vc_column][vc_column width=&#8221;1\/3&#8243;][vc_custom_heading text=&#8221;La Facultad de Derecho y Ciencias Sociales fue inaugurada el 30 de junio de 1938, cre\u00e1ndose las carreras de Abogac\u00eda, Notariado y Procuraci\u00f3n. El viernes 1 de julio de 1938, inici\u00f3 formalmente sus actividades docentes.&#8221; font_container=&#8221;tag:p|font_size:16|text_align:left&#8221; use_theme_fonts=&#8221;yes&#8221; letter_spacing=&#8221;0&#8243; animation_delay=&#8221;1000&#8243; el_class=&#8221;mb-4&#8243; animation_type=&#8221;fadeIn&#8221;][vc_custom_heading text=&#8221;La Facultad de Derecho respond\u00eda a una exigencia de la cultura y conformaba los requerimientos de la joven Universidad, \u00e1vida de responder a los reclamos de una realidad palpitante, adquiriendo las dimensiones como la primera Casa de Estudios Superiores del norte del pa\u00eds.&#8221; font_container=&#8221;tag:p|font_size:16|text_align:left&#8221; use_theme_fonts=&#8221;yes&#8221; letter_spacing=&#8221;0&#8243; animation_delay=&#8221;1000&#8243; el_class=&#8221;mb-4&#8243; animation_type=&#8221;fadeIn&#8221;][\/vc_column][\/vc_row][vc_row wrap_container=&#8221;yes&#8221; conditional_render=&#8221;%5B%7B%22value_role%22%3A%22administrator%22%7D%5D&#8221;][vc_column width=&#8221;1\/3&#8243;][vc_custom_heading text=&#8221;Carreras&#8221; font_container=&#8221;tag:h3|font_size:26|text_align:left|line_height:1&#8243; use_theme_fonts=&#8221;yes&#8221; font_weight=&#8221;700&#8243; letter_spacing=&#8221;-0.05&#8243; el_class=&#8221;zigzag pb-3 mb-4&#8243;][vc_custom_heading text=&#8221;Abogac\u00eda &#8211; 6 A\u00f1os&#8221; font_container=&#8221;tag:p|font_size:16|text_align:left|line_height:1.5&#8243; use_theme_fonts=&#8221;yes&#8221; css=&#8221;&#8221; font_weight=&#8221;500&#8243; animation_delay=&#8221;200&#8243; animation_type=&#8221;fadeIn&#8221; el_class=&#8221;mb-4 list-unstyled&#8221; link=&#8221;url:https%3A%2F%2Fderecho.unt.edu.ar%2Fcarreras-de-grado-abogacia%2F|target:_blank&#8221;][vc_custom_heading text=&#8221;Escriban\u00eda &#8211; 5 A\u00f1os&#8221; font_container=&#8221;tag:p|font_size:16|text_align:left|line_height:1.5&#8243; use_theme_fonts=&#8221;yes&#8221; css=&#8221;&#8221; font_weight=&#8221;500&#8243; animation_delay=&#8221;200&#8243; animation_type=&#8221;fadeIn&#8221; el_class=&#8221;mb-4 list-unstyled&#8221; link=&#8221;url:https%3A%2F%2Fderecho.unt.edu.ar%2Fcarreras-de-grado-escribania%2F|target:_blank&#8221;][vc_custom_heading text=&#8221;Procuraci\u00f3n &#8211; 4 A\u00f1os&#8221; font_container=&#8221;tag:p|font_size:16|text_align:left|line_height:1.5&#8243; use_theme_fonts=&#8221;yes&#8221; css=&#8221;&#8221; font_weight=&#8221;500&#8243; animation_delay=&#8221;200&#8243; animation_type=&#8221;fadeIn&#8221; el_class=&#8221;mb-4 list-unstyled&#8221; link=&#8221;url:https%3A%2F%2Fderecho.unt.edu.ar%2Fcarreras-de-grado-procuracion%2F|target:_blank&#8221;][vc_custom_heading text=&#8221;Licenciatura en Seguridad P\u00fablica &#8211; 2 y \u00bd a\u00f1os&#8221; font_container=&#8221;tag:p|font_size:16|text_align:left|line_height:1.5&#8243; use_theme_fonts=&#8221;yes&#8221; css=&#8221;&#8221; font_weight=&#8221;500&#8243; animation_delay=&#8221;200&#8243; animation_type=&#8221;fadeIn&#8221; el_class=&#8221;mb-4 list-unstyled&#8221; link=&#8221;url:https%3A%2F%2Fderecho.unt.edu.ar%2Fla-facultad-de-derecho-lanza-una-nueva-carrera-licenciatura-en-seguridad-publica-en-modalidad-a-distancia%2F|target:_blank&#8221;][\/vc_column][vc_column width=&#8221;1\/3&#8243;][vc_custom_heading text=&#8221;Contacto&#8221; font_container=&#8221;tag:h3|font_size:26|text_align:left|line_height:1&#8243; use_theme_fonts=&#8221;yes&#8221; font_weight=&#8221;700&#8243; letter_spacing=&#8221;-0.05&#8243; el_class=&#8221;zigzag pb-3 mb-4&#8243;][vc_column_text]<strong>Direcci\u00f3n:<\/strong> 25 de Mayo 471 &#8211; San Miguel de Tucum\u00e1n<br \/>\nTucum\u00e1n &#8211; Argentina<\/p>\n<p><strong>Tels:<\/strong> 0381- 4215348 \/ 4220934 \/ 4220950 \/ 4220951\/4212400<\/p>\n<p><strong>Mail:<\/strong> alumnos@derecho.unt.edu.ar<\/p>\n<p><strong>Web:<\/strong> <a href=\"http:\/\/www.derecho.unt.edu.ar\" target=\"_blank\" rel=\"noopener\">www.derecho.unt.edu.ar<\/a>[\/vc_column_text]<div class=\"porto-u-icons\"><a class=\"porto-icon fab fa-facebook \"  style=\"color:#1e73be;font-size:32px;margin-right:5px;\" href=\"https:\/\/www.facebook.com\/derecho.unt.edu.ar\" target='_blank'><\/a><a class=\"porto-icon fab fa-instagram \"  style=\"color:#dd3333;font-size:32px;margin-right:5px;\" href=\"https:\/\/instagram.com\/derechount?igshid=YmMyMTA2M2Y=\" target='_blank'><\/a><a class=\"porto-icon fab fa-twitter \"  style=\"color:#32d3d3;font-size:32px;margin-right:5px;\" href=\"https:\/\/twitter.com\/Derecho_UNT\" target='_blank'><\/a><\/div>[\/vc_column][vc_column width=&#8221;1\/3&#8243;][\/vc_column][\/vc_row][vc_row][vc_column][vc_column_text]Derecho, Abogado, Defensa legal, Juicios, Contratos, Derecho civil, Derecho penal, Derecho comercial, Leyes, Constituci\u00f3n, Legislaci\u00f3n laboral, Asesor\u00eda jur\u00eddica, Procedimientos legales, Derecho familiar, Derecho internacional, Derecho tributario, Litigios, \u00c9tica profesional, Notarizaci\u00f3n, Mediaci\u00f3n, Resoluci\u00f3n de conflictos, Derechos humanos, Consultor\u00eda jur\u00eddica, Normativa, Redacci\u00f3n de documentos legales, Leyes comerciales, Derecho administrativo, Legislaci\u00f3n ambiental, Derecho de propiedad, Escriban\u00eda, Escrituras, Notarizaci\u00f3n, Legalizaci\u00f3n de documentos, Registro de propiedades, Firmas p\u00fablicas, Actos notariales, Contratos p\u00fablicos, Escrituras p\u00fablicas, Testamentos, Documentaci\u00f3n legal, Fe p\u00fablica, Validaci\u00f3n de acuerdos, Tr\u00e1mites notariales, Derecho sucesorio, Actas de nacimiento, Certificaci\u00f3n de documentos, Protocolizaci\u00f3n, Asesoramiento notarial, Testimonios notariales, Declaraciones juradas, Gestiones notariales, Testamentos y sucesiones, Procurador, Representaci\u00f3n legal, Tr\u00e1mites judiciales, Gesti\u00f3n de expedientes, Procedimientos legales, Asesoramiento procesal, Asistencia judicial, Gesti\u00f3n de documentaci\u00f3n, Procesos civiles, Procesos penales, Mediaci\u00f3n, Apoyo a litigios, Derecho procesal, Tr\u00e1mites administrativos, Proceso judicial, Documentaci\u00f3n de juicios, Ejecuci\u00f3n de sentencias, Procedimientos de cobro, Representaci\u00f3n ante tribunales, Estrategias procesales[\/vc_column_text][\/vc_column][\/vc_row]<\/p>\n<\/div>","protected":false},"excerpt":{"rendered":"<p>[vc_row wrap_container=&#8221;yes&#8221; conditional_render=&#8221;%5B%7B%22value_role%22%3A%22administrator%22%7D%5D&#8221;][vc_column width=&#8221;2\/3&#8243;][vc_video link=&#8221;https:\/\/www.youtube.com\/watch?v=rGWuqgQH4kE&#8221;][\/vc_column][vc_column width=&#8221;1\/3&#8243;][vc_custom_heading text=&#8221;La Facultad de Derecho y Ciencias Sociales fue inaugurada el 30 de junio de 1938, cre\u00e1ndose las carreras de Abogac\u00eda, Notariado y Procuraci\u00f3n. El viernes 1 de julio de 1938, inici\u00f3 formalmente sus actividades docentes.&#8221; font_container=&#8221;tag:p|font_size:16|text_align:left&#8221; use_theme_fonts=&#8221;yes&#8221; letter_spacing=&#8221;0&#8243; animation_delay=&#8221;1000&#8243; el_class=&#8221;mb-4&#8243; animation_type=&#8221;fadeIn&#8221;][vc_custom_heading text=&#8221;La Facultad de Derecho respond\u00eda a una exigencia [&hellip;]<\/p>\n","protected":false},"author":1,"featured_media":0,"parent":10,"menu_order":0,"comment_status":"closed","ping_status":"closed","template":"","meta":{"footnotes":""},"class_list":["post-647","page","type-page","status-publish","hentry"],"_links":{"self":[{"href":"https:\/\/www.unt.edu.ar\/expount\/wp-json\/wp\/v2\/pages\/647","targetHints":{"allow":["GET"]}}],"collection":[{"href":"https:\/\/www.unt.edu.ar\/expount\/wp-json\/wp\/v2\/pages"}],"about":[{"href":"https:\/\/www.unt.edu.ar\/expount\/wp-json\/wp\/v2\/types\/page"}],"author":[{"embeddable":true,"href":"https:\/\/www.unt.edu.ar\/expount\/wp-json\/wp\/v2\/users\/1"}],"replies":[{"embeddable":true,"href":"https:\/\/www.unt.edu.ar\/expount\/wp-json\/wp\/v2\/comments?post=647"}],"version-history":[{"count":19,"href":"https:\/\/www.unt.edu.ar\/expount\/wp-json\/wp\/v2\/pages\/647\/revisions"}],"predecessor-version":[{"id":1522,"href":"https:\/\/www.unt.edu.ar\/expount\/wp-json\/wp\/v2\/pages\/647\/revisions\/1522"}],"up":[{"embeddable":true,"href":"https:\/\/www.unt.edu.ar\/expount\/wp-json\/wp\/v2\/pages\/10"}],"wp:attachment":[{"href":"https:\/\/www.unt.edu.ar\/expount\/wp-json\/wp\/v2\/media?parent=647"}],"curies":[{"name":"wp","href":"https:\/\/api.w.org\/{rel}","templated":true}]}}