{"id":639,"date":"2022-09-22T15:45:22","date_gmt":"2022-09-22T18:45:22","guid":{"rendered":"http:\/\/www.unt.edu.ar\/expount\/?page_id=639"},"modified":"2025-12-04T11:09:00","modified_gmt":"2025-12-04T14:09:00","slug":"facultad-de-bioquimica-quimica-y-farmacia","status":"publish","type":"page","link":"https:\/\/www.unt.edu.ar\/expount\/facultades-y-escuelas\/facultad-de-bioquimica-quimica-y-farmacia\/","title":{"rendered":"Facultad de Bioqu\u00edmica, Qu\u00edmica y Farmacia"},"content":{"rendered":"<div class=\"wpb-content-wrapper\"><p>[vc_row wrap_container=&#8221;yes&#8221; conditional_render=&#8221;%5B%7B%22value_role%22%3A%22administrator%22%7D%5D&#8221;][vc_column width=&#8221;2\/3&#8243;][vc_video link=&#8221;https:\/\/www.youtube.com\/watch?v=A_ia70Gw0FI&#8221;][\/vc_column][vc_column width=&#8221;1\/3&#8243;][vc_custom_heading text=&#8221;La Facultad de Bioqu\u00edmica, Qu\u00edmica y Farmacia nace en 1914 como Escuela de Farmacia. En 1938, cambi\u00f3 a Facultad de Farmacia y Bioqu\u00edmica.&#8221; font_container=&#8221;tag:p|font_size:16|text_align:left&#8221; use_theme_fonts=&#8221;yes&#8221; letter_spacing=&#8221;0&#8243; animation_delay=&#8221;1000&#8243; el_class=&#8221;mb-4&#8243; animation_type=&#8221;fadeIn&#8221;][vc_custom_heading text=&#8221;Reci\u00e9n en 1951 tom\u00f3 el nombre de Facultad de Bioqu\u00edmica, Qu\u00edmica y Farmacia. En 1952 incorpora a la licenciatura en Qu\u00edmica y en 1998 a la Licenciatura en Biotecnolog\u00eda.&#8221; font_container=&#8221;tag:p|font_size:16|text_align:left&#8221; use_theme_fonts=&#8221;yes&#8221; letter_spacing=&#8221;0&#8243; animation_delay=&#8221;1000&#8243; el_class=&#8221;mb-4&#8243; animation_type=&#8221;fadeIn&#8221;][\/vc_column][\/vc_row][vc_row wrap_container=&#8221;yes&#8221; conditional_render=&#8221;%5B%7B%22value_role%22%3A%22administrator%22%7D%5D&#8221;][vc_column width=&#8221;1\/3&#8243;][vc_custom_heading text=&#8221;Carreras&#8221; font_container=&#8221;tag:h3|font_size:26|text_align:left|line_height:1&#8243; use_theme_fonts=&#8221;yes&#8221; font_weight=&#8221;700&#8243; letter_spacing=&#8221;-0.05&#8243; el_class=&#8221;zigzag pb-3 mb-4&#8243;][vc_custom_heading text=&#8221;Bioqu\u00edmica &#8211; 6 A\u00f1os&#8221; font_container=&#8221;tag:p|font_size:16|text_align:left|line_height:1.5&#8243; use_theme_fonts=&#8221;yes&#8221; css=&#8221;&#8221; font_weight=&#8221;500&#8243; animation_delay=&#8221;200&#8243; animation_type=&#8221;fadeIn&#8221; el_class=&#8221;mb-4 list-unstyled&#8221; link=&#8221;url:https%3A%2F%2Ffbqfuntedu.ar%2Fcarrera%2Fbioquimica%2F|target:_blank&#8221;][vc_custom_heading text=&#8221;Farmacia &#8211; 6 A\u00f1os&#8221; font_container=&#8221;tag:p|font_size:16|text_align:left|line_height:1.5&#8243; use_theme_fonts=&#8221;yes&#8221; css=&#8221;&#8221; font_weight=&#8221;500&#8243; animation_delay=&#8221;200&#8243; animation_type=&#8221;fadeIn&#8221; el_class=&#8221;mb-4 list-unstyled&#8221; link=&#8221;url:https%3A%2F%2Ffbqfuntedu.ar%2Fcarrera%2Ffarmacia%2F|target:_blank&#8221;][vc_custom_heading text=&#8221;Licenciatura en Biotecnolog\u00eda &#8211; 5 A\u00f1os&#8221; font_container=&#8221;tag:p|font_size:16|text_align:left|line_height:1.5&#8243; use_theme_fonts=&#8221;yes&#8221; css=&#8221;&#8221; font_weight=&#8221;500&#8243; animation_delay=&#8221;200&#8243; animation_type=&#8221;fadeIn&#8221; el_class=&#8221;mb-4 list-unstyled&#8221; link=&#8221;url:https%3A%2F%2Ffbqfuntedu.ar%2Fcarrera%2Flicenciatura-en-biotecnologia%2F|target:_blank&#8221;][vc_custom_heading text=&#8221;Licenciatura en Qu\u00edmica &#8211; 5 A\u00f1os&#8221; font_container=&#8221;tag:p|font_size:16|text_align:left|line_height:1.5&#8243; use_theme_fonts=&#8221;yes&#8221; css=&#8221;&#8221; font_weight=&#8221;500&#8243; animation_delay=&#8221;200&#8243; animation_type=&#8221;fadeIn&#8221; el_class=&#8221;mb-4 list-unstyled&#8221; link=&#8221;url:https%3A%2F%2Ffbqfuntedu.ar%2Fcarrera%2Flicenciatura-en-quimica%2F|target:_blank&#8221;][vc_custom_heading text=&#8221;Tecnicatura Laboratorista Universitaria en Salud &#8211; 3 A\u00f1os&#8221; font_container=&#8221;tag:p|font_size:16|text_align:left|line_height:1.5&#8243; use_theme_fonts=&#8221;yes&#8221; css=&#8221;&#8221; font_weight=&#8221;500&#8243; animation_delay=&#8221;200&#8243; animation_type=&#8221;fadeIn&#8221; el_class=&#8221;mb-4 list-unstyled&#8221; link=&#8221;url:https%3A%2F%2Ffbqfuntedu.ar%2Fcarrera%2Ftecnicatura-laboratorista-universitario-en-salud%2F|target:_blank&#8221;][\/vc_column][vc_column width=&#8221;1\/3&#8243;][vc_custom_heading text=&#8221;Contacto&#8221; font_container=&#8221;tag:h3|font_size:26|text_align:left|line_height:1&#8243; use_theme_fonts=&#8221;yes&#8221; font_weight=&#8221;700&#8243; letter_spacing=&#8221;-0.05&#8243; el_class=&#8221;zigzag pb-3 mb-4&#8243;][vc_column_text]<strong>Direcci\u00f3n:<\/strong> Batalla de Ayacucho 471 &#8211; San Miguel de Tucum\u00e1n<br \/>\nTucum\u00e1n &#8211; Argentina<\/p>\n<p><strong>Tels.<\/strong> +54 0381 4247752 &#8211; Fax +54 0381 4248169<\/p>\n<p><strong>Web:<\/strong> <a href=\"https:\/\/www.fbqf.unt.edu.ar\/\" target=\"_blank\" rel=\"noopener\">fbqf.unt.edu.ar<\/a>[\/vc_column_text]<div class=\"porto-u-icons\"><a class=\"porto-icon fab fa-instagram \"  style=\"color:#dd3333;font-size:32px;margin-right:5px;\" href=\"https:\/\/www.instagram.com\/fbqf.unt\/?hl=es\" target='_blank'><\/a><\/div>[\/vc_column][vc_column width=&#8221;1\/3&#8243;][\/vc_column][\/vc_row][vc_row][vc_column][vc_column_text]<span style=\"visibility: hidden; display: none;\">Bioqu\u00edmica, An\u00e1lisis cl\u00ednicos, Laboratorio, Enzimas, Reacciones qu\u00edmicas, Metabolismo, Bioqu\u00edmica cl\u00ednica, Prote\u00ednas, Biolog\u00eda molecular, Qu\u00edmica de los organismos, Biotecnolog\u00eda, Qu\u00edmica de alimentos, Salud y bioqu\u00edmica, Gen\u00e9tica molecular, Bioqu\u00edmico, Procesos metab\u00f3licos, Qu\u00edmica org\u00e1nica, Investigaci\u00f3n cient\u00edfica, Desarrollo de medicamentos, Enzimolog\u00eda, Qu\u00edmica farmac\u00e9utica, T\u00e9cnicas de laboratorio, Diagn\u00f3stico m\u00e9dico, Control de calidad en laboratorios, Farmacia, Medicamentos, Formulaci\u00f3n farmac\u00e9utica, Qu\u00edmica medicinal, Farmacolog\u00eda, Farmacia comunitaria, Farmacia hospitalaria, Preparaci\u00f3n de f\u00e1rmacos, Farmacia cl\u00ednica, Dispensaci\u00f3n de medicamentos, Terapias farmacol\u00f3gicas, Control de calidad, Farmacocin\u00e9tica, Farmacodinamia, Legislaci\u00f3n farmac\u00e9utica, Producci\u00f3n de medicamentos, Bioequivalencia, Ensayos cl\u00ednicos, Seguridad del paciente, Asesoramiento farmac\u00e9utico, Fitof\u00e1rmacos, Qu\u00edmica de f\u00e1rmacos, Cadena de suministro farmac\u00e9utica, Biotecnolog\u00eda, Ingenier\u00eda gen\u00e9tica, Microbiolog\u00eda aplicada, Biolog\u00eda molecular, Manipulaci\u00f3n de ADN, Producci\u00f3n de biocombustibles, Cultivos celulares, Bioprocesos, Gen\u00e9tica, Bioinform\u00e1tica, Biotecnolog\u00eda alimentaria, Aplicaciones industriales, Desarrollo de f\u00e1rmacos, Investigaci\u00f3n biotecnol\u00f3gica, Innovaci\u00f3n en biotecnolog\u00eda, Biotecnolog\u00eda agr\u00edcola, Diagn\u00f3stico molecular, Fermentaci\u00f3n, Tecnolog\u00edas gen\u00f3micas, Patentes en biotecnolog\u00eda, Regulaci\u00f3n biotecnol\u00f3gica, Organismos transg\u00e9nicos, Qu\u00edmica, Qu\u00edmica org\u00e1nica, Qu\u00edmica inorg\u00e1nica, An\u00e1lisis qu\u00edmico, Fisicoqu\u00edmica, Laboratorio de qu\u00edmica, Pol\u00edmeros, S\u00edntesis qu\u00edmica, Qu\u00edmica ambiental, Reacciones qu\u00edmicas, Qu\u00edmica industrial, Qu\u00edmica aplicada, Cat\u00e1lisis, Qu\u00edmica de materiales, Investigaci\u00f3n en qu\u00edmica, Ensayos qu\u00edmicos, Cromatograf\u00eda, Espectroscop\u00eda, Qu\u00edmica farmac\u00e9utica, Qu\u00edmica te\u00f3rica, Qu\u00edmica computacional, Procesos industriales, Materiales avanzados, Laboratorio cl\u00ednico, An\u00e1lisis de muestras, T\u00e9cnicas de laboratorio, Diagn\u00f3stico de enfermedades, Pruebas bioqu\u00edmicas, Control de calidad, Microbiolog\u00eda, Pruebas de sangre, An\u00e1lisis microbiol\u00f3gicos, Equipos de laboratorio, Procedimientos de laboratorio, Muestras biol\u00f3gicas, T\u00e9cnicas de an\u00e1lisis cl\u00ednico, Procesamiento de datos m\u00e9dicos, Bioseguridad, Manejo de instrumentos, Pruebas de diagn\u00f3stico, Salud p\u00fablica, Ex\u00e1menes m\u00e9dicos, Estudio de enfermedades, Saneamiento, Higiene hospitalaria, Control de infecciones, Bioseguridad, Desinfecci\u00f3n, Normativas de salud, T\u00e9cnicas de limpieza, Control de plagas, Descontaminaci\u00f3n, Seguridad sanitaria, Gesti\u00f3n hospitalaria, Manejo de residuos, Prevenci\u00f3n de infecciones, Desinfecci\u00f3n de \u00e1reas cr\u00edticas, Protocolos de bioseguridad, Equipos de limpieza hospitalaria, Manejo de sustancias qu\u00edmicas, Salud ocupacional, Evaluaci\u00f3n de riesgos, Ambiente sanitario<\/span>[\/vc_column_text][\/vc_column][\/vc_row]<\/p>\n<\/div>","protected":false},"excerpt":{"rendered":"<p>[vc_row wrap_container=&#8221;yes&#8221; conditional_render=&#8221;%5B%7B%22value_role%22%3A%22administrator%22%7D%5D&#8221;][vc_column width=&#8221;2\/3&#8243;][vc_video link=&#8221;https:\/\/www.youtube.com\/watch?v=A_ia70Gw0FI&#8221;][\/vc_column][vc_column width=&#8221;1\/3&#8243;][vc_custom_heading text=&#8221;La Facultad de Bioqu\u00edmica, Qu\u00edmica y Farmacia nace en 1914 como Escuela de Farmacia. En 1938, cambi\u00f3 a Facultad de Farmacia y Bioqu\u00edmica.&#8221; font_container=&#8221;tag:p|font_size:16|text_align:left&#8221; use_theme_fonts=&#8221;yes&#8221; letter_spacing=&#8221;0&#8243; animation_delay=&#8221;1000&#8243; el_class=&#8221;mb-4&#8243; animation_type=&#8221;fadeIn&#8221;][vc_custom_heading text=&#8221;Reci\u00e9n en 1951 tom\u00f3 el nombre de Facultad de Bioqu\u00edmica, Qu\u00edmica y Farmacia. En 1952 incorpora a la licenciatura en [&hellip;]<\/p>\n","protected":false},"author":1,"featured_media":0,"parent":10,"menu_order":0,"comment_status":"closed","ping_status":"closed","template":"","meta":{"footnotes":""},"class_list":["post-639","page","type-page","status-publish","hentry"],"_links":{"self":[{"href":"https:\/\/www.unt.edu.ar\/expount\/wp-json\/wp\/v2\/pages\/639","targetHints":{"allow":["GET"]}}],"collection":[{"href":"https:\/\/www.unt.edu.ar\/expount\/wp-json\/wp\/v2\/pages"}],"about":[{"href":"https:\/\/www.unt.edu.ar\/expount\/wp-json\/wp\/v2\/types\/page"}],"author":[{"embeddable":true,"href":"https:\/\/www.unt.edu.ar\/expount\/wp-json\/wp\/v2\/users\/1"}],"replies":[{"embeddable":true,"href":"https:\/\/www.unt.edu.ar\/expount\/wp-json\/wp\/v2\/comments?post=639"}],"version-history":[{"count":15,"href":"https:\/\/www.unt.edu.ar\/expount\/wp-json\/wp\/v2\/pages\/639\/revisions"}],"predecessor-version":[{"id":1517,"href":"https:\/\/www.unt.edu.ar\/expount\/wp-json\/wp\/v2\/pages\/639\/revisions\/1517"}],"up":[{"embeddable":true,"href":"https:\/\/www.unt.edu.ar\/expount\/wp-json\/wp\/v2\/pages\/10"}],"wp:attachment":[{"href":"https:\/\/www.unt.edu.ar\/expount\/wp-json\/wp\/v2\/media?parent=639"}],"curies":[{"name":"wp","href":"https:\/\/api.w.org\/{rel}","templated":true}]}}