{"id":630,"date":"2022-09-22T15:41:32","date_gmt":"2022-09-22T18:41:32","guid":{"rendered":"http:\/\/www.unt.edu.ar\/expount\/?page_id=630"},"modified":"2025-12-04T11:29:06","modified_gmt":"2025-12-04T14:29:06","slug":"facultad-de-arquitectura-y-urbanismo","status":"publish","type":"page","link":"https:\/\/www.unt.edu.ar\/expount\/facultades-y-escuelas\/facultad-de-arquitectura-y-urbanismo\/","title":{"rendered":"Facultad de Arquitectura y Urbanismo"},"content":{"rendered":"<div class=\"wpb-content-wrapper\"><p>[vc_row wrap_container=&#8221;yes&#8221; conditional_render=&#8221;%5B%7B%22value_role%22%3A%22administrator%22%7D%5D&#8221;][vc_column width=&#8221;2\/3&#8243;][vc_video link=&#8221;https:\/\/www.youtube.com\/watch?v=bmQ53FcuUqs&#8221;][\/vc_column][vc_column width=&#8221;1\/3&#8243;][vc_custom_heading text=&#8221;En 1952 se crea la Facultad de Arquitectura y Urbanismo.<br \/>\nLos docentes del Instituto, algunos de los mayores exponentes del movimiento moderno de la Argentina, ser\u00edan los responsables de formar a las primeras camadas de arquitectas y arquitectos.&#8221; font_container=&#8221;tag:p|font_size:16|text_align:left&#8221; use_theme_fonts=&#8221;yes&#8221; letter_spacing=&#8221;0&#8243; animation_delay=&#8221;1000&#8243; el_class=&#8221;mb-4&#8243; animation_type=&#8221;fadeIn&#8221;][vc_custom_heading text=&#8221;Cabe destacar la figura de Eduardo Sacriste, en su labor profesional y en el rol docente, como una pieza fundamental en la formaci\u00f3n de los recursos humanos de esta instituci\u00f3n.&#8221; font_container=&#8221;tag:p|font_size:16|text_align:left&#8221; use_theme_fonts=&#8221;yes&#8221; letter_spacing=&#8221;0&#8243; animation_delay=&#8221;1000&#8243; el_class=&#8221;mb-4&#8243; animation_type=&#8221;fadeIn&#8221;][\/vc_column][\/vc_row][vc_row wrap_container=&#8221;yes&#8221; conditional_render=&#8221;%5B%7B%22value_role%22%3A%22administrator%22%7D%5D&#8221;][vc_column width=&#8221;1\/3&#8243;][vc_custom_heading text=&#8221;Carreras&#8221; font_container=&#8221;tag:h3|font_size:26|text_align:left|line_height:1&#8243; use_theme_fonts=&#8221;yes&#8221; font_weight=&#8221;700&#8243; letter_spacing=&#8221;-0.05&#8243; el_class=&#8221;zigzag pb-3 mb-4&#8243;][vc_custom_heading text=&#8221;Carrera de Arquitectura y Urbanismo &#8211; 5 A\u00f1os&#8221; font_container=&#8221;tag:p|font_size:16|text_align:left|line_height:1.5&#8243; use_theme_fonts=&#8221;yes&#8221; css=&#8221;&#8221; font_weight=&#8221;500&#8243; animation_delay=&#8221;200&#8243; animation_type=&#8221;fadeIn&#8221; el_class=&#8221;mb-4 list-unstyled&#8221; link=&#8221;url:https%3A%2F%2Ffau.unt.edu.ar%2Ffau%2Fcarrera-de-arquitectura-y-urbanismo%2F|target:_blank&#8221;][vc_custom_heading text=&#8221;Tecnicatura Universitaria en Dise\u00f1o de Indumentaria y Textil &#8211; 3 A\u00f1os&#8221; font_container=&#8221;tag:p|font_size:16|text_align:left|line_height:1.5&#8243; use_theme_fonts=&#8221;yes&#8221; css=&#8221;&#8221; font_weight=&#8221;500&#8243; animation_delay=&#8221;200&#8243; animation_type=&#8221;fadeIn&#8221; el_class=&#8221;mb-4 list-unstyled&#8221; link=&#8221;url:https%3A%2F%2Ffau.unt.edu.ar%2Ffau%2Ftecnicatura-universitaria-en-diseno-de-indumentaria-y-textil%2F|target:_blank&#8221;][\/vc_column][vc_column width=&#8221;1\/3&#8243;][vc_custom_heading text=&#8221;Contacto&#8221; font_container=&#8221;tag:h3|font_size:26|text_align:left|line_height:1&#8243; use_theme_fonts=&#8221;yes&#8221; font_weight=&#8221;700&#8243; letter_spacing=&#8221;-0.05&#8243; el_class=&#8221;zigzag pb-3 mb-4&#8243;][vc_column_text]<strong>Direcci\u00f3n:<\/strong> Centro Universitario Ing. R. Herrera, Avda. Pte. N. Kirchner 1900 \u2013 San Miguel de Tucum\u00e1n \u2013 Tucum\u00e1n \u2013 Argentina<\/p>\n<p><strong>Tel:<\/strong> +54 0381 436-4093<\/p>\n<p><strong>Mail:<\/strong> <a href=\"mailto:bienestararquitectura.unt@gmail.com\">bienestararquitectura.unt@gmail.com<\/a><\/p>\n<p><strong>Web:<\/strong> <a href=\"http:\/\/www.fau.unt.edu.ar\">www.fau.unt.edu.ar<\/a>[\/vc_column_text]<div class=\"porto-u-icons\"><a class=\"porto-icon fab fa-facebook \"  style=\"color:#1e73be;font-size:32px;margin-right:5px;\" href=\"https:\/\/www.facebook.com\/fau.unt.edu.ar\" target='_blank'><\/a><a class=\"porto-icon fab fa-instagram \"  style=\"color:#dd3333;font-size:32px;margin-right:5px;\" href=\"https:\/\/www.instagram.com\/comunicacion_fau_unt\" target='_blank'><\/a><\/div>[\/vc_column][vc_column width=&#8221;1\/3&#8243;][\/vc_column][\/vc_row][vc_row][vc_column][vc_column_text]<span style=\"visibility: hidden; display: none;\">Arquitectura, Urbanismo, Dise\u00f1o urbano, Planificaci\u00f3n de ciudades, Construcci\u00f3n, Dise\u00f1o arquitect\u00f3nico, Espacios p\u00fablicos, Vivienda, Sostenibilidad, Materiales de construcci\u00f3n, Proyectos arquitect\u00f3nicos, Urbanizaci\u00f3n, Maquetas, Planificaci\u00f3n del espacio, Arquitectura ecol\u00f3gica, Restauraci\u00f3n de edificios, Dise\u00f1o de interiores, Proyectos de viviendas, Innovaci\u00f3n en dise\u00f1o, Infraestructura urbana, Desarrollo de barrios, Espacios sostenibles, Arquitectura moderna, Dise\u00f1o de moda, Textiles, Creaci\u00f3n de prendas, Moda y tendencias, Producci\u00f3n textil, Costura, Dise\u00f1o de patrones, Confecci\u00f3n de ropa, Innovaci\u00f3n textil, Materiales textiles, Moda sostenible, Dise\u00f1o creativo, Dise\u00f1o de vestuario, Producci\u00f3n de indumentaria, Moda contempor\u00e1nea, Prendas de vestir, Creaci\u00f3n de colecciones, T\u00e9cnicas de estampado, Corte y confecci\u00f3n, Accesorios de moda, Estilismo, Modelado de prendas<\/span>[\/vc_column_text][\/vc_column][\/vc_row]<\/p>\n<\/div>","protected":false},"excerpt":{"rendered":"<p>[vc_row wrap_container=&#8221;yes&#8221; conditional_render=&#8221;%5B%7B%22value_role%22%3A%22administrator%22%7D%5D&#8221;][vc_column width=&#8221;2\/3&#8243;][vc_video link=&#8221;https:\/\/www.youtube.com\/watch?v=bmQ53FcuUqs&#8221;][\/vc_column][vc_column width=&#8221;1\/3&#8243;][vc_custom_heading text=&#8221;En 1952 se crea la Facultad de Arquitectura y Urbanismo. Los docentes del Instituto, algunos de los mayores exponentes del movimiento moderno de la Argentina, ser\u00edan los responsables de formar a las primeras camadas de arquitectas y arquitectos.&#8221; font_container=&#8221;tag:p|font_size:16|text_align:left&#8221; use_theme_fonts=&#8221;yes&#8221; letter_spacing=&#8221;0&#8243; animation_delay=&#8221;1000&#8243; el_class=&#8221;mb-4&#8243; animation_type=&#8221;fadeIn&#8221;][vc_custom_heading text=&#8221;Cabe destacar la figura de [&hellip;]<\/p>\n","protected":false},"author":1,"featured_media":0,"parent":10,"menu_order":0,"comment_status":"closed","ping_status":"closed","template":"","meta":{"footnotes":""},"class_list":["post-630","page","type-page","status-publish","hentry"],"_links":{"self":[{"href":"https:\/\/www.unt.edu.ar\/expount\/wp-json\/wp\/v2\/pages\/630","targetHints":{"allow":["GET"]}}],"collection":[{"href":"https:\/\/www.unt.edu.ar\/expount\/wp-json\/wp\/v2\/pages"}],"about":[{"href":"https:\/\/www.unt.edu.ar\/expount\/wp-json\/wp\/v2\/types\/page"}],"author":[{"embeddable":true,"href":"https:\/\/www.unt.edu.ar\/expount\/wp-json\/wp\/v2\/users\/1"}],"replies":[{"embeddable":true,"href":"https:\/\/www.unt.edu.ar\/expount\/wp-json\/wp\/v2\/comments?post=630"}],"version-history":[{"count":24,"href":"https:\/\/www.unt.edu.ar\/expount\/wp-json\/wp\/v2\/pages\/630\/revisions"}],"predecessor-version":[{"id":1523,"href":"https:\/\/www.unt.edu.ar\/expount\/wp-json\/wp\/v2\/pages\/630\/revisions\/1523"}],"up":[{"embeddable":true,"href":"https:\/\/www.unt.edu.ar\/expount\/wp-json\/wp\/v2\/pages\/10"}],"wp:attachment":[{"href":"https:\/\/www.unt.edu.ar\/expount\/wp-json\/wp\/v2\/media?parent=630"}],"curies":[{"name":"wp","href":"https:\/\/api.w.org\/{rel}","templated":true}]}}