{"id":468,"date":"2020-07-03T03:30:04","date_gmt":"2020-07-03T03:30:04","guid":{"rendered":"http:\/\/sw-themes.com\/porto_dummy\/digital-agency2\/?page_id=468"},"modified":"2023-08-04T13:27:52","modified_gmt":"2023-08-04T16:27:52","slug":"expo-unt","status":"publish","type":"page","link":"https:\/\/www.unt.edu.ar\/expount\/expo-unt\/","title":{"rendered":"EXPO UNT"},"content":{"rendered":"<div class=\"wpb-content-wrapper\"><p>[vc_row wrap_container=&#8221;yes&#8221; conditional_render=&#8221;%5B%7B%22value_role%22%3A%22administrator%22%7D%5D&#8221;][vc_column css=&#8221;.vc_custom_1663862462455{margin-bottom: 30px !important;padding-bottom: 30px !important;}&#8221; conditional_render=&#8221;%5B%7B%22value_role%22%3A%22administrator%22%7D%5D&#8221;][vc_custom_heading text=&#8221;Conoc\u00e9 nuestras l\u00edneas de trabajo&#8221; font_container=&#8221;tag:h3|font_size:40|text_align:center|line_height:1&#8243; use_theme_fonts=&#8221;yes&#8221; font_weight=&#8221;700&#8243; letter_spacing=&#8221;-0.05&#8243; el_class=&#8221;zigzag center pb-5 mb-4&#8243;][\/vc_column][\/vc_row][vc_row wrap_container=&#8221;yes&#8221; conditional_render=&#8221;%5B%7B%22value_role%22%3A%22administrator%22%7D%5D&#8221;][vc_column width=&#8221;1\/2&#8243;][vc_single_image image=&#8221;1335&#8243; img_size=&#8221;full&#8221; label=&#8221;&#8221;][\/vc_column][vc_column width=&#8221;1\/2&#8243;][vc_custom_heading text=&#8221;EXPO UNT | CAPITAL&#8221; font_container=&#8221;tag:p|font_size:22|text_align:left|line_height:1.6&#8243; use_theme_fonts=&#8221;yes&#8221; letter_spacing=&#8221;0&#8243; animation_delay=&#8221;200&#8243; el_class=&#8221;custom-font1 mb-4 mt-2&#8243; animation_type=&#8221;fadeIn&#8221;][vc_custom_heading text=&#8221;Es la muestra m\u00e1s grande e importante de carreras del noroeste argentino. Encontraras stands informativos de 100 carreras de grado y pregrado, con la participaci\u00f3n de docentes y estudiantes y todas las facultades. Eleg\u00ed tu universidad, p\u00fablica, gratuita, inclusiva. Eleg\u00ed estudiar en la UNT.&#8221; font_container=&#8221;tag:p|font_size:16|text_align:left&#8221; use_theme_fonts=&#8221;yes&#8221; letter_spacing=&#8221;0&#8243; animation_delay=&#8221;400&#8243; el_class=&#8221;mb-4&#8243; animation_type=&#8221;fadeIn&#8221;][vc_custom_heading text=&#8221;EXPO UNT | INTERIOR&#8221; font_container=&#8221;tag:p|font_size:22|text_align:left|line_height:1.6&#8243; use_theme_fonts=&#8221;yes&#8221; letter_spacing=&#8221;0&#8243; animation_delay=&#8221;200&#8243; el_class=&#8221;custom-font1 mb-4 mt-2&#8243; animation_type=&#8221;fadeIn&#8221;][vc_custom_heading text=&#8221;Es la muestra de carreras que visita las localidades del interior de la provincia, acercando toda la oferta acad\u00e9mica a trav\u00e9s de sus unidades acad\u00e9micas, logrando de este modo el acceso a la informaci\u00f3n a los habitantes de zonas alejadas de la capital de la provincia de Tucum\u00e1n.&#8221; font_container=&#8221;tag:p|font_size:16|text_align:left&#8221; use_theme_fonts=&#8221;yes&#8221; letter_spacing=&#8221;0&#8243; animation_delay=&#8221;400&#8243; el_class=&#8221;mb-4&#8243; animation_type=&#8221;fadeIn&#8221;][vc_custom_heading text=&#8221;EXPO UNT | ONLINE&#8221; font_container=&#8221;tag:p|font_size:22|text_align:left|line_height:1.6&#8243; use_theme_fonts=&#8221;yes&#8221; letter_spacing=&#8221;0&#8243; animation_delay=&#8221;200&#8243; el_class=&#8221;custom-font1 mb-4 mt-2&#8243; animation_type=&#8221;fadeIn&#8221;][vc_custom_heading text=&#8221;La presente p\u00e1gina nace con el objetivo de potenciar la oferta acad\u00e9mica de la Universidad Nacional de Tucum\u00e1n, ofreciendo las carreras de nuestra universidad a trav\u00e9s de una plataforma web actualizada y con un formato amigable que unifique y facilite el acceso de nuestra vasta oferta de carreras a nuestros futuros y futuras estudiantes.&#8221; font_container=&#8221;tag:p|font_size:16|text_align:left&#8221; use_theme_fonts=&#8221;yes&#8221; letter_spacing=&#8221;0&#8243; animation_delay=&#8221;400&#8243; el_class=&#8221;mb-4&#8243; animation_type=&#8221;fadeIn&#8221;][vc_custom_heading text=&#8221;La Expo UNT, en su formato online, resulta una plataforma fundamental para el despliegue de la oferta acad\u00e9mica de la instituci\u00f3n educativa m\u00e1s grande del noroeste argentino, la Universidad Nacional de Tucum\u00e1n. www.unt.edu.ar\/expount&#8221; font_container=&#8221;tag:p|font_size:16|text_align:left&#8221; use_theme_fonts=&#8221;yes&#8221; letter_spacing=&#8221;0&#8243; animation_delay=&#8221;400&#8243; el_class=&#8221;mb-4&#8243; animation_type=&#8221;fadeIn&#8221;][\/vc_column][\/vc_row]<\/p>\n<\/div>","protected":false},"excerpt":{"rendered":"<p>[vc_row wrap_container=&#8221;yes&#8221; conditional_render=&#8221;%5B%7B%22value_role%22%3A%22administrator%22%7D%5D&#8221;][vc_column css=&#8221;.vc_custom_1663862462455{margin-bottom: 30px !important;padding-bottom: 30px !important;}&#8221; conditional_render=&#8221;%5B%7B%22value_role%22%3A%22administrator%22%7D%5D&#8221;][vc_custom_heading text=&#8221;Conoc\u00e9 nuestras l\u00edneas de trabajo&#8221; font_container=&#8221;tag:h3|font_size:40|text_align:center|line_height:1&#8243; use_theme_fonts=&#8221;yes&#8221; font_weight=&#8221;700&#8243; letter_spacing=&#8221;-0.05&#8243; el_class=&#8221;zigzag center pb-5 mb-4&#8243;][\/vc_column][\/vc_row][vc_row wrap_container=&#8221;yes&#8221; conditional_render=&#8221;%5B%7B%22value_role%22%3A%22administrator%22%7D%5D&#8221;][vc_column width=&#8221;1\/2&#8243;][vc_single_image image=&#8221;1335&#8243; img_size=&#8221;full&#8221; label=&#8221;&#8221;][\/vc_column][vc_column width=&#8221;1\/2&#8243;][vc_custom_heading text=&#8221;EXPO UNT | CAPITAL&#8221; font_container=&#8221;tag:p|font_size:22|text_align:left|line_height:1.6&#8243; use_theme_fonts=&#8221;yes&#8221; letter_spacing=&#8221;0&#8243; animation_delay=&#8221;200&#8243; el_class=&#8221;custom-font1 mb-4 mt-2&#8243; animation_type=&#8221;fadeIn&#8221;][vc_custom_heading text=&#8221;Es la muestra m\u00e1s grande e importante de carreras del noroeste argentino. Encontraras stands [&hellip;]<\/p>\n","protected":false},"author":1,"featured_media":0,"parent":0,"menu_order":0,"comment_status":"closed","ping_status":"closed","template":"","meta":{"footnotes":""},"class_list":["post-468","page","type-page","status-publish","hentry"],"_links":{"self":[{"href":"https:\/\/www.unt.edu.ar\/expount\/wp-json\/wp\/v2\/pages\/468","targetHints":{"allow":["GET"]}}],"collection":[{"href":"https:\/\/www.unt.edu.ar\/expount\/wp-json\/wp\/v2\/pages"}],"about":[{"href":"https:\/\/www.unt.edu.ar\/expount\/wp-json\/wp\/v2\/types\/page"}],"author":[{"embeddable":true,"href":"https:\/\/www.unt.edu.ar\/expount\/wp-json\/wp\/v2\/users\/1"}],"replies":[{"embeddable":true,"href":"https:\/\/www.unt.edu.ar\/expount\/wp-json\/wp\/v2\/comments?post=468"}],"version-history":[{"count":25,"href":"https:\/\/www.unt.edu.ar\/expount\/wp-json\/wp\/v2\/pages\/468\/revisions"}],"predecessor-version":[{"id":692,"href":"https:\/\/www.unt.edu.ar\/expount\/wp-json\/wp\/v2\/pages\/468\/revisions\/692"}],"wp:attachment":[{"href":"https:\/\/www.unt.edu.ar\/expount\/wp-json\/wp\/v2\/media?parent=468"}],"curies":[{"name":"wp","href":"https:\/\/api.w.org\/{rel}","templated":true}]}}