{"id":1420,"date":"2024-08-07T13:20:55","date_gmt":"2024-08-07T16:20:55","guid":{"rendered":"https:\/\/www.unt.edu.ar\/expount\/servicios\/casa-del-estudiante-copy\/"},"modified":"2024-08-09T11:34:22","modified_gmt":"2024-08-09T14:34:22","slug":"puna","status":"publish","type":"page","link":"https:\/\/www.unt.edu.ar\/expount\/servicios\/puna\/","title":{"rendered":"PUNA"},"content":{"rendered":"<div class=\"wpb-content-wrapper\"><p>[vc_row wrap_container=&#8221;yes&#8221; conditional_render=&#8221;%5B%7B%22value_role%22%3A%22administrator%22%7D%5D&#8221;][vc_column width=&#8221;2\/3&#8243; conditional_render=&#8221;%5B%7B%22value_role%22%3A%22administrator%22%7D%5D&#8221;][vc_video link=&#8221;https:\/\/www.youtube.com\/watch?v=kVgeKBXFQIo&#8221;][\/vc_column][vc_column width=&#8221;1\/3&#8243;][vc_custom_heading text=&#8221;Contacto&#8221; font_container=&#8221;tag:h3|font_size:26|text_align:left|line_height:1&#8243; use_theme_fonts=&#8221;yes&#8221; font_weight=&#8221;700&#8243; letter_spacing=&#8221;-0.05&#8243; el_class=&#8221;zigzag pb-3 mb-4&#8243;][vc_column_text]<strong>Direcci\u00f3n:<\/strong> Jujuy 463 \u2013 San Miguel de Tucum\u00e1n<br \/>\nTucum\u00e1n \u2013 Argentina<\/p>\n<p>El PUNA utiliza un sistema de consultas espont\u00e1neo, por lo que no se requiere turno previo. El horario es de lunes a viernes de 8,30 a 12,30 hs.<\/p>\n<p><strong>WhatsApp:<\/strong> <a href=\"https:\/\/api.whatsapp.com\/send?phone=5493815987878\">0381 598-7878<\/a><br \/>\n<strong>Tel:<\/strong> 0381 452-6343[\/vc_column_text]<div class=\"porto-u-icons\"><a class=\"porto-icon fab fa-instagram \"  style=\"color:#dd3333;font-size:32px;margin-right:5px;\" href=\"https:\/\/www.instagram.com\/untpuna\/\" target='_blank'><\/a><\/div>[\/vc_column][\/vc_row][vc_row wrap_container=&#8221;yes&#8221; conditional_render=&#8221;%5B%7B%22value_role%22%3A%22administrator%22%7D%5D&#8221;][vc_column width=&#8221;2\/3&#8243; conditional_render=&#8221;%5B%7B%22value_role%22%3A%22administrator%22%7D%5D&#8221;][vc_column_text]El <strong>Programa Universitario para el Estudio de las Adiccciones<\/strong> (PUNA), fue creado en el a\u00f1o 2006 y depende de la Secretar\u00eda de Extensi\u00f3n Universitaria.<\/p>\n<p>El PUNA trabaja junto a la comunidad con capacitaci\u00f3n, prevenci\u00f3n y servicios de orientaci\u00f3n en consumos problem\u00e1ticos. Brinda servicios de primera escucha, acompa\u00f1amiento y orientaci\u00f3n, sobre consumos problem\u00e1ticos y salud mental<\/p>\n<p>Los estudiantes, y toda la comunidad pueden contar con este beneficio que es confidencial y gratuito. Si bien dentro del programa no se realizan tratamientos, si se cuenta con un equipo de profesionales interdisciplinarios que asisten en situaciones de consumo personal, de amigos o un familiar, brindando las herramientas necesarias para quien requiera este servicio.[\/vc_column_text][\/vc_column][vc_column width=&#8221;1\/3&#8243;][\/vc_column][\/vc_row]<\/p>\n<\/div>","protected":false},"excerpt":{"rendered":"<p>[vc_row wrap_container=&#8221;yes&#8221; conditional_render=&#8221;%5B%7B%22value_role%22%3A%22administrator%22%7D%5D&#8221;][vc_column width=&#8221;2\/3&#8243; conditional_render=&#8221;%5B%7B%22value_role%22%3A%22administrator%22%7D%5D&#8221;][vc_video link=&#8221;https:\/\/www.youtube.com\/watch?v=kVgeKBXFQIo&#8221;][\/vc_column][vc_column width=&#8221;1\/3&#8243;][vc_custom_heading text=&#8221;Contacto&#8221; font_container=&#8221;tag:h3|font_size:26|text_align:left|line_height:1&#8243; use_theme_fonts=&#8221;yes&#8221; font_weight=&#8221;700&#8243; letter_spacing=&#8221;-0.05&#8243; el_class=&#8221;zigzag pb-3 mb-4&#8243;][vc_column_text]Direcci\u00f3n: Jujuy 463 \u2013 San Miguel de Tucum\u00e1n Tucum\u00e1n \u2013 Argentina El PUNA utiliza un sistema de consultas espont\u00e1neo, por lo que no se requiere turno previo. El horario es de lunes a viernes de 8,30 a 12,30 hs. WhatsApp: 0381 [&hellip;]<\/p>\n","protected":false},"author":1,"featured_media":0,"parent":472,"menu_order":0,"comment_status":"closed","ping_status":"closed","template":"","meta":{"footnotes":""},"class_list":["post-1420","page","type-page","status-publish","hentry"],"_links":{"self":[{"href":"https:\/\/www.unt.edu.ar\/expount\/wp-json\/wp\/v2\/pages\/1420","targetHints":{"allow":["GET"]}}],"collection":[{"href":"https:\/\/www.unt.edu.ar\/expount\/wp-json\/wp\/v2\/pages"}],"about":[{"href":"https:\/\/www.unt.edu.ar\/expount\/wp-json\/wp\/v2\/types\/page"}],"author":[{"embeddable":true,"href":"https:\/\/www.unt.edu.ar\/expount\/wp-json\/wp\/v2\/users\/1"}],"replies":[{"embeddable":true,"href":"https:\/\/www.unt.edu.ar\/expount\/wp-json\/wp\/v2\/comments?post=1420"}],"version-history":[{"count":4,"href":"https:\/\/www.unt.edu.ar\/expount\/wp-json\/wp\/v2\/pages\/1420\/revisions"}],"predecessor-version":[{"id":1422,"href":"https:\/\/www.unt.edu.ar\/expount\/wp-json\/wp\/v2\/pages\/1420\/revisions\/1422"}],"up":[{"embeddable":true,"href":"https:\/\/www.unt.edu.ar\/expount\/wp-json\/wp\/v2\/pages\/472"}],"wp:attachment":[{"href":"https:\/\/www.unt.edu.ar\/expount\/wp-json\/wp\/v2\/media?parent=1420"}],"curies":[{"name":"wp","href":"https:\/\/api.w.org\/{rel}","templated":true}]}}